{"id":27,"date":"2016-03-21T19:04:35","date_gmt":"2016-03-21T18:04:35","guid":{"rendered":"http:\/\/localhost\/hsw\/site\/?page_id=27"},"modified":"2016-04-14T16:22:44","modified_gmt":"2016-04-14T14:22:44","slug":"wettbewerb","status":"publish","type":"page","link":"https:\/\/www.hochschulwettbewerb.net\/201617\/wettbewerb\/","title":{"rendered":"Der Wettbewerb"},"content":{"rendered":"<p>Im Hochschulwettbewerb zum Wissenschaftsjahr 2016*17 \u2013 Meere und Ozeane sind Studierende, Promovierende und Nachwuchswissenschaftler\/-innen aller Fachbereiche aufgerufen, Projekte zum Thema des Wissenschaftsjahres zu entwickeln. Diese sollen die gesellschaftliche Bedeutung der Forschung f\u00fcr die B\u00fcrger\/-innen auf interaktive Art und Weise verst\u00e4ndlich machen und \u00fcber relevante Forschungsergebnisse zum Thema \u201eMeere und Ozeane\u201c informieren.<\/p>\n<p><em>Wissenschaft im Dialog<\/em> ist auf der Suche nach innovativen Kommunikationsideen, die zeigen, welche L\u00f6sungen und Ans\u00e4tze Wissenschaft und Forschung zum Entdecken, Nutzen und Sch\u00fctzen unserer Meere und Ozeane beitragen k\u00f6nnen.<\/p>\n<p>Die bis zu 15 besten Projektskizzen werden mit 10.000 \u20ac zur Umsetzung der Ideen und mit einem Workshop zur Wissenschaftskommunikation belohnt.<\/p>\n","protected":false},"excerpt":{"rendered":"<p>Im Hochschulwettbewerb zum Wissenschaftsjahr 2016*17 \u2013 Meere und Ozeane sind Studierende, Promovierende und Nachwuchswissenschaftler\/-innen aller Fachbereiche aufgerufen,<span class=\"ellipsis\">&hellip;<\/span><\/p>\n","protected":false},"author":1,"featured_media":0,"parent":0,"menu_order":0,"comment_status":"closed","ping_status":"closed","template":"","meta":{"_acf_changed":false,"footnotes":""},"class_list":["post-27","page","type-page","status-publish","hentry"],"acf":[],"aioseo_notices":[],"_links":{"self":[{"href":"https:\/\/www.hochschulwettbewerb.net\/201617\/wp-json\/wp\/v2\/pages\/27","targetHints":{"allow":["GET"]}}],"collection":[{"href":"https:\/\/www.hochschulwettbewerb.net\/201617\/wp-json\/wp\/v2\/pages"}],"about":[{"href":"https:\/\/www.hochschulwettbewerb.net\/201617\/wp-json\/wp\/v2\/types\/page"}],"author":[{"embeddable":true,"href":"https:\/\/www.hochschulwettbewerb.net\/201617\/wp-json\/wp\/v2\/users\/1"}],"replies":[{"embeddable":true,"href":"https:\/\/www.hochschulwettbewerb.net\/201617\/wp-json\/wp\/v2\/comments?post=27"}],"version-history":[{"count":6,"href":"https:\/\/www.hochschulwettbewerb.net\/201617\/wp-json\/wp\/v2\/pages\/27\/revisions"}],"predecessor-version":[{"id":275,"href":"https:\/\/www.hochschulwettbewerb.net\/201617\/wp-json\/wp\/v2\/pages\/27\/revisions\/275"}],"wp:attachment":[{"href":"https:\/\/www.hochschulwettbewerb.net\/201617\/wp-json\/wp\/v2\/media?parent=27"}],"curies":[{"name":"wp","href":"https:\/\/api.w.org\/{rel}","templated":true}]}}