{"id":4383,"date":"2023-10-16T14:52:41","date_gmt":"2023-10-16T12:52:41","guid":{"rendered":"https:\/\/www.hochschulwettbewerb.net\/2023\/?page_id=4383"},"modified":"2023-10-16T14:56:27","modified_gmt":"2023-10-16T12:56:27","slug":"hochschulwettbewerb-2024","status":"publish","type":"page","link":"https:\/\/www.hochschulwettbewerb.net\/2023\/hochschulwettbewerb-2024\/","title":{"rendered":"Hochschulwettbewerb 2024"},"content":{"rendered":"<div class=\"post-entry\">\n<div class=\"content-wrap\">\n<b>Der Hochschulwettbewerb\u00a0 im Wissenschaftsjahr 2024 \u2013 Freiheit<\/b><\/p>\n<p><b>Zeigt eure Forschung!<\/b><\/p>\n<p><a href=\"http:\/\/www.hochschulwettbewerb.net\/2024\">Hier gehts zur Ausschreibung im Hochschulwettbewerb 2024!<\/a><\/p>\n<p>Freiheit ist nie selbstverst\u00e4ndlich. Das machen uns aktuelle politische Entwicklungen und Krisen \u2013 sei es im Iran, den USA oder bei uns in Deutschland \u2013 t\u00e4glich deutlich. Nicht nur in der Vergangenheit, auch heute m\u00fcssen einzelne Bev\u00f6lkerungsgruppen oder ganze Gesellschaften daf\u00fcr k\u00e4mpfen, Freiheit zu erhalten, zu verteidigen oder neu zu schaffen. Gerade in Krisenzeiten brauchen wir als Gesellschaft eine gemeinsame Verhandlungsebene: Wie definieren wir Freiheit und welche Voraussetzungen sind notwendig, um sie zu gew\u00e4hrleisten?<\/p>\n<p>Im <b>Hochschulwettbewerb 2024 \u2013 Zeigt eure Forschung!<\/b> m\u00f6chten wir verschiedene Facetten von Freiheit aufzeigen und junge Forschende dazu einladen, eigene kreative und innovative <b>Kommunikationsprojekte<\/b> durchzuf\u00fchren. Wie k\u00f6nnen wir Freiheit erlebbar machen, \u00fcber ihre Spielr\u00e4ume und Grenzen diskutieren und unsere Gesellschaft inklusiver gestalten? Wie k\u00f6nnen wir unser individuelles Bed\u00fcrfnis nach Freiheit in Einklang bringen mit dem Freiheitsbed\u00fcrfnis anderer? Und welche Verantwortung tragen wir \u2013 unser Lebensstil, unser Konsum, unsere Reisefreiheit \u2013 f\u00fcr die Freiheiten der Menschen in anderen Teilen der Welt?<\/p>\n<p>Mit dem Wettbewerb ruft Wissenschaft im Dialog (WiD) Studierende, Promovierende und junge Forschende <b>aller Fachrichtungen <\/b>dazu auf, ihre Kommunikationsideen zu Themen wie Inklusion und Barrierefreiheit, Demokratiebildung, neue Technologien, die Freiheit vergangener und zuk\u00fcnftiger Generationen sowie weiteren Aspekten von Freiheit einzureichen. Wir suchen nach originellen Projekten, die <b>wissenschaftliche Inhalte f\u00fcr B\u00fcrger*innen zug\u00e4nglich machen <\/b>und den Austausch zwischen Forschung und Gesellschaft f\u00f6rdern.<\/p>\n<p><b>Die Einreichungsfrist endet am 30. November 2023.<\/b><\/p>\n<p>Die <b>zw\u00f6lf besten Ideen<\/b> werden mit <b>je 10.000 Euro zur Umsetzung<\/b> belohnt. Die Teams werden \u00fcber das gesamte Jahr von WiD betreut und bei der Umsetzung unterst\u00fctzt. Zus\u00e4tzlich bieten wir Workshops und Schulungen zur Wissenschaftskommunikation an und erm\u00f6glichen den Gewinner*innen den Zugang zum Alumni-Netzwerk des Hochschulwettbewerbs.<\/p>\n<p><b>Wer kann mitmachen?<\/b><br \/>\nTeilnehmen k\u00f6nnen <b>Studierende, Promovierende sowie junge Forschende aller Fachrichtungen<\/b>, die an einer Hochschule, Universit\u00e4t oder au\u00dferuniversit\u00e4ren Forschungseinrichtung in Deutschland ans\u00e4ssig sind.<\/p>\n<p>&nbsp;<\/p>\n<p><b>Wie kann man teilnehmen?<\/b><\/p>\n<p>Interessierte f\u00fcllen bis zum 30. November 2023 das <a href=\"https:\/\/www.hochschulwettbewerb.net\/2024\/bewerbungsformular-2\/\">Bewerbungsformular<\/a> aus.<\/p>\n<p>&nbsp;<\/p>\n<p><b>Worum soll es gehen?<\/b><br \/>\nEin Theaterst\u00fcck zum Thema Meinungsfreiheit, ein Planspiel zur Bedeutung von planetaren Grenzen oder ein Kartenspiel, das politische Entscheidungsprozesse und ihre Auswirkungen auf Inklusion und gesellschaftliche Teilhabe simuliert: Gesucht werden<b> kreative Projektideen, die einen aktiven Dialog mit B\u00fcrger*innen zu verschiedenen Dimensionen von Freiheit initiieren.<\/b> Wir ermutigen zu interdisziplin\u00e4ren Ans\u00e4tzen und sind offen f\u00fcr geistes- und gesellschaftswissenschaftliche, kreativ-forschende sowie naturwissenschaftliche Ideen. Um eine praxisorientierte Umsetzung zu gew\u00e4hrleisten und die Verbreitung der Inhalte \u00fcber geeignete Kan\u00e4le zu f\u00f6rdern, ist die Einbindung von lokalen Partnern wie Kommunen, Unternehmen, Startups und Initiativen erw\u00fcnscht.<\/p>\n<p>&nbsp;<\/p>\n<p><b>Wie geht es weiter?<\/b><\/p>\n<ul>\n<li aria-level=\"1\">30. November 2023: Frist zur Einreichung des Online-Bewerbungsformulars<\/li>\n<li aria-level=\"1\">Mitte Dezember 2023: Vorauswahl der 25-30 vielversprechendsten Ideen und Feedback<\/li>\n<li aria-level=\"1\">Mitte Januar 2024: Frist zur Einreichung der Detailskizzen (maximal f\u00fcnf Seiten)<\/li>\n<li aria-level=\"1\">Mitte Februar 2024: Jurysitzung, Bekanntgabe der Gewinner*innen<\/li>\n<\/ul>\n<\/div>\n<\/div>\n","protected":false},"excerpt":{"rendered":"<p>Der Hochschulwettbewerb\u00a0 im Wissenschaftsjahr 2024 \u2013 Freiheit Zeigt eure Forschung! Hier gehts zur Ausschreibung im Hochschulwettbewerb 2024! Freiheit ist nie selbstverst\u00e4ndlich. Das machen uns aktuelle politische Entwicklungen und Krisen \u2013<span class=\"ellipsis\">&hellip;<\/span><\/p>\n","protected":false},"author":2,"featured_media":0,"parent":0,"menu_order":0,"comment_status":"closed","ping_status":"closed","template":"","meta":{"_acf_changed":false,"footnotes":""},"class_list":["post-4383","page","type-page","status-publish","hentry"],"acf":[],"aioseo_notices":[],"_links":{"self":[{"href":"https:\/\/www.hochschulwettbewerb.net\/2023\/wp-json\/wp\/v2\/pages\/4383","targetHints":{"allow":["GET"]}}],"collection":[{"href":"https:\/\/www.hochschulwettbewerb.net\/2023\/wp-json\/wp\/v2\/pages"}],"about":[{"href":"https:\/\/www.hochschulwettbewerb.net\/2023\/wp-json\/wp\/v2\/types\/page"}],"author":[{"embeddable":true,"href":"https:\/\/www.hochschulwettbewerb.net\/2023\/wp-json\/wp\/v2\/users\/2"}],"replies":[{"embeddable":true,"href":"https:\/\/www.hochschulwettbewerb.net\/2023\/wp-json\/wp\/v2\/comments?post=4383"}],"version-history":[{"count":2,"href":"https:\/\/www.hochschulwettbewerb.net\/2023\/wp-json\/wp\/v2\/pages\/4383\/revisions"}],"predecessor-version":[{"id":4387,"href":"https:\/\/www.hochschulwettbewerb.net\/2023\/wp-json\/wp\/v2\/pages\/4383\/revisions\/4387"}],"wp:attachment":[{"href":"https:\/\/www.hochschulwettbewerb.net\/2023\/wp-json\/wp\/v2\/media?parent=4383"}],"curies":[{"name":"wp","href":"https:\/\/api.w.org\/{rel}","templated":true}]}}