{"id":1903,"date":"2020-01-01T16:33:49","date_gmt":"2020-01-01T15:33:49","guid":{"rendered":"https:\/\/www.hochschulwettbewerb.net\/2019\/?page_id=1903"},"modified":"2025-05-21T16:48:52","modified_gmt":"2025-05-21T14:48:52","slug":"wissenschaftsjahr","status":"publish","type":"page","link":"https:\/\/www.hochschulwettbewerb.net\/2025\/wissenschaftsjahr\/","title":{"rendered":"Das Wissenschaftsjahr"},"content":{"rendered":"<p>Jedes Jahr ein neues Motto: Seit 2000 rufen das Bundesministerium f\u00fcr Forschung, Technologie und Raumfahrt (BMFTR) und Wissenschaft im Dialog (WiD) gemeinsam ein Wissenschaftsjahr aus. Viele hundert Partner aus Wissenschaft, Wirtschaft, Bildung, Kultur und Politik \u00f6ffnen daraufhin die T\u00fcren ihrer Einrichtungen. Sie laden dazu ein, einen Blick auf die Entwicklungen und Forschungen des jeweiligen Mottos zu werfen.<\/p>\n<p><strong>Das Wissenschaftsjahr 2025 \u2013Zukunftsenergie<\/strong><\/p>\n<p>Das Wissenschaftsjahr 2025 widmet sich dem Thema Zukunftsenergie. Wie kann ein Energiemix aussehen, der sauber, verl\u00e4sslich, bezahlbar und ressourcenschonend ist? Welche Technologien wurden bereits entwickelt und woran wird aktuell geforscht? Welche neuen Energiepartnerschaften braucht unser Land? Wie wird die Energieversorgung der Zukunft aussehen \u2013 und welche Auswirkungen hat sie auf die Gesellschaft? Die Bedeutung der Forschung fu\u0308r die Erreichung einer klimaneutralen Energieversorgung in Wirtschaft und Gesellschaft steht im Mittelpunkt des Wissenschaftsjahres 2025. Energieforschung ist eine fachu\u0308bergreifende, vielschichtige, kapitalintensive und strategische Aufgabe. Der Klimawandel, begrenzte Ressourcen und ein zugleich weltweit steigender Energiebedarf stellen Regierungen, Industrie und auch Bu\u0308rgerinnen und Bu\u0308rger vor neue Herausforderungen, die die Forschung adressiert. Das Wissenschaftsjahr 2025 \u2013 Zukunftsenergie l\u00e4dt mit vielf\u00e4ltigen Angeboten dazu ein, Einblicke in L\u00f6sungsstrategien aus der Energieforschung zu gewinnen, die neuesten Innovationen und Erkenntnisse kennenzulernen und in den Austausch mit Wissenschaft, Politik, Wirtschaft und Gesellschaft zu kommen. Das Wissenschaftsjahr ist eine Initiative des Bundesministeriums fu\u0308r Forschung, Technologie und Raumfahrt (BMFTR) gemeinsam mit Wissenschaft im Dialog (WiD). <a href=\"http:\/\/wissenschaftsjahr.de\/2025\" target=\"_blank\" rel=\"noopener\" data-saferedirecturl=\"https:\/\/www.google.com\/url?q=http:\/\/wissenschaftsjahr.de\/2025&amp;source=gmail&amp;ust=1740559685377000&amp;usg=AOvVaw1lfAhy6n-XvK4OVibaRFRA\">wissenschaftsjahr.de\/2025<\/a><\/p>\n","protected":false},"excerpt":{"rendered":"<p>Jedes Jahr ein neues Motto: Seit 2000 rufen das Bundesministerium f\u00fcr Forschung, Technologie und Raumfahrt (BMFTR) und Wissenschaft im Dialog (WiD) gemeinsam ein Wissenschaftsjahr aus. Viele hundert Partner aus Wissenschaft,<span class=\"ellipsis\">&hellip;<\/span><\/p>\n","protected":false},"author":2,"featured_media":0,"parent":0,"menu_order":0,"comment_status":"closed","ping_status":"closed","template":"","meta":{"_acf_changed":false,"footnotes":""},"class_list":["post-1903","page","type-page","status-publish","hentry"],"acf":[],"aioseo_notices":[],"_links":{"self":[{"href":"https:\/\/www.hochschulwettbewerb.net\/2025\/wp-json\/wp\/v2\/pages\/1903","targetHints":{"allow":["GET"]}}],"collection":[{"href":"https:\/\/www.hochschulwettbewerb.net\/2025\/wp-json\/wp\/v2\/pages"}],"about":[{"href":"https:\/\/www.hochschulwettbewerb.net\/2025\/wp-json\/wp\/v2\/types\/page"}],"author":[{"embeddable":true,"href":"https:\/\/www.hochschulwettbewerb.net\/2025\/wp-json\/wp\/v2\/users\/2"}],"replies":[{"embeddable":true,"href":"https:\/\/www.hochschulwettbewerb.net\/2025\/wp-json\/wp\/v2\/comments?post=1903"}],"version-history":[{"count":45,"href":"https:\/\/www.hochschulwettbewerb.net\/2025\/wp-json\/wp\/v2\/pages\/1903\/revisions"}],"predecessor-version":[{"id":4919,"href":"https:\/\/www.hochschulwettbewerb.net\/2025\/wp-json\/wp\/v2\/pages\/1903\/revisions\/4919"}],"wp:attachment":[{"href":"https:\/\/www.hochschulwettbewerb.net\/2025\/wp-json\/wp\/v2\/media?parent=1903"}],"curies":[{"name":"wp","href":"https:\/\/api.w.org\/{rel}","templated":true}]}}