{"id":2578,"date":"2020-03-04T14:19:33","date_gmt":"2020-03-04T13:19:33","guid":{"rendered":"https:\/\/www.hochschulwettbewerb.net\/2020\/?page_id=2578"},"modified":"2024-11-20T17:09:35","modified_gmt":"2024-11-20T16:09:35","slug":"downloads","status":"publish","type":"page","link":"https:\/\/www.hochschulwettbewerb.net\/2025\/downloads\/","title":{"rendered":"Download"},"content":{"rendered":"<p>Willkommen im Downloadbereich \u2013 hier findet ihr n\u00fctzliche Infos und weitere Materialien zum Download.<\/p>\n<p>Vielen Dank f\u00fcr eure Teilnahme an der Sprechstunde! Wie versprochen findet ihr hier die Pr\u00e4sentation zum Download:<\/p>\n<p><a href=\"https:\/\/www.hochschulwettbewerb.net\/2025\/wp-content\/uploads\/2024\/11\/Hochschulwettbewerb-2025-Praesentation-Digitale-Sprechstunde.pdf\">Hochschulwettbewerb 2025 Pr\u00e4sentation Digitale Sprechstunde<\/a><\/p>\n<p>&nbsp;<\/p>\n<p>Weitere Informationen zum Corporate Design im Wissenschaftsjahr 2025 findet ihr <a href=\"https:\/\/wissenschaftsjahr.frontify.com\/d\/9l26zeuw3DNS\/wj25#\/wissenschaftsjahr-2025-zukunftsenergie\/thema-zukunftsenergie\">hier<\/a>.<\/p>\n<p>Hier findet ihr das Pressekit im <a href=\"https:\/\/www.hochschulwettbewerb.net\/2025\/wp-content\/uploads\/2024\/10\/Hochschulwettbewerb-2025.zip\">Hochschulwettbewerb 2025.<\/a><\/p>\n<p>&nbsp;<\/p>\n<p>Ihr braucht weitere Materialien oder habt Fragen? Meldet euch jederzeit bei uns, wir helfen gerne.<br \/>\nIhr erreicht uns unter <a href=\"mailto:hochschulwettbewerb@w-i-d.de\">hochschulwettbewerb@w-i-d.de<\/a><\/p>\n","protected":false},"excerpt":{"rendered":"<p>Willkommen im Downloadbereich \u2013 hier findet ihr n\u00fctzliche Infos und weitere Materialien zum Download. Vielen Dank f\u00fcr eure Teilnahme an der Sprechstunde! Wie versprochen findet ihr hier die Pr\u00e4sentation zum<span class=\"ellipsis\">&hellip;<\/span><\/p>\n","protected":false},"author":2,"featured_media":0,"parent":0,"menu_order":0,"comment_status":"closed","ping_status":"closed","template":"","meta":{"_acf_changed":false,"footnotes":""},"class_list":["post-2578","page","type-page","status-publish","hentry"],"acf":[],"aioseo_notices":[],"_links":{"self":[{"href":"https:\/\/www.hochschulwettbewerb.net\/2025\/wp-json\/wp\/v2\/pages\/2578","targetHints":{"allow":["GET"]}}],"collection":[{"href":"https:\/\/www.hochschulwettbewerb.net\/2025\/wp-json\/wp\/v2\/pages"}],"about":[{"href":"https:\/\/www.hochschulwettbewerb.net\/2025\/wp-json\/wp\/v2\/types\/page"}],"author":[{"embeddable":true,"href":"https:\/\/www.hochschulwettbewerb.net\/2025\/wp-json\/wp\/v2\/users\/2"}],"replies":[{"embeddable":true,"href":"https:\/\/www.hochschulwettbewerb.net\/2025\/wp-json\/wp\/v2\/comments?post=2578"}],"version-history":[{"count":38,"href":"https:\/\/www.hochschulwettbewerb.net\/2025\/wp-json\/wp\/v2\/pages\/2578\/revisions"}],"predecessor-version":[{"id":4784,"href":"https:\/\/www.hochschulwettbewerb.net\/2025\/wp-json\/wp\/v2\/pages\/2578\/revisions\/4784"}],"wp:attachment":[{"href":"https:\/\/www.hochschulwettbewerb.net\/2025\/wp-json\/wp\/v2\/media?parent=2578"}],"curies":[{"name":"wp","href":"https:\/\/api.w.org\/{rel}","templated":true}]}}