{"id":4900,"date":"2025-02-25T09:47:35","date_gmt":"2025-02-25T08:47:35","guid":{"rendered":"https:\/\/www.hochschulwettbewerb.net\/2025\/?page_id=4900"},"modified":"2025-05-21T16:57:01","modified_gmt":"2025-05-21T14:57:01","slug":"die-gewinnerinnen-2025","status":"publish","type":"page","link":"https:\/\/www.hochschulwettbewerb.net\/2025\/die-gewinnerinnen-2025\/","title":{"rendered":"Die Gewinner*innen 2025"},"content":{"rendered":"<p data-start=\"181\" data-end=\"619\">Wie sieht die Energieversorgung der Zukunft aus? Welche Rolle spielen erneuerbare Energien in unserem Alltag und wie k\u00f6nnen wir m\u00f6glichst viele Menschen f\u00fcr das Thema begeistern? Diese Fragen haben sich zahlreiche junge Forschende im Rahmen des Hochschulwettbewerbs 2025 gestellt. Das Ergebnis: Aus knapp 120 Ideen wurden die originellsten zehn Projektideen ausgew\u00e4hlt, die sich auf unterschiedliche Weise mit den Herausforderungen und Chancen der Energie von morgen besch\u00e4ftigen. &#x1f680;&#x1f4a1;<\/p>\n<p data-start=\"621\" data-end=\"866\">Jedes Gewinner*innen-Team erh\u00e4lt 10.000 Euro Preisgeld, um ihre Visionen bis Ende des Jahres Wirklichkeit werden zu lassen.<\/p>\n<p data-start=\"868\" data-end=\"1094\">Die Formate sind dabei so vielf\u00e4ltig wie das Thema selbst: Ob interaktive Ausstellungen, Escape-Room-Spiele, digitale Lernformate oder Theater \u2013 die Teams zeigen, wie spannend und greifbar das Thema Zukunftsenergie f\u00fcr uns alle sein kann.<\/p>\n<p data-start=\"4960\" data-end=\"5399\">Die Gewinner*innen setzen ihre Projekte bis Jahresende um. Begleitend besuchen sie Schulungen und Veranstaltungen. \u00dcber ihre Fortschritte, Schwierigkeiten und Highlights bei der Projektumsetzung informieren die Teams regelm\u00e4\u00dfig auf Instagram und auf den Projekt-Webseiten.<\/p>\n<p data-start=\"5401\" data-end=\"5732\">Der Hochschulwettbewerb wird j\u00e4hrlich von <a href=\"https:\/\/wissenschaft-im-dialog.de\/\">Wissenschaft im Dialog<\/a> in Kooperation mit dem <a href=\"https:\/\/www.bundesverband-hochschulkommunikation.de\/\">Bundesverband Hochschulkommunikation<\/a>, der<a href=\"https:\/\/www.hrk.de\/\"> Hochschulrektorenkonferenz<\/a> und seit diesem Jahr zum ersten Mal mit der<a href=\"https:\/\/www.diejungeakademie.de\/en\"> Jungen Akademie<\/a> ausgerufen. Er wird vom <a href=\"https:\/\/www.bmbf.de\/DE\/Home\/home_node.html\">Bundesministerium f\u00fcr Forschung, Technologie und Raumfahrt<\/a> im Rahmen des <a href=\"https:\/\/www.wissenschaftsjahr.de\/2025\">Wissenschaftsjahres<\/a> gef\u00f6rdert.<\/p>\n<p data-start=\"1096\" data-end=\"1143\">__________________________________________________________________________________<\/p>\n<p data-start=\"1096\" data-end=\"1143\">Hier stellen wir euch die Gewinner*innen-Projekte kurz und knapp vor. Weitere Infos erhaltet ihr, sobald die Teams in die Umsetzung gestartet sind!<\/p>\n<p data-start=\"1433\" data-end=\"1899\"><strong data-start=\"1433\" data-end=\"1483\">Berlin \u2013 Berliner Hochschule f\u00fcr Technik (BHT)<\/strong><br data-start=\"1483\" data-end=\"1486\" \/><em data-start=\"1486\" data-end=\"1496\">WattWelt<\/em> \u2013 Ein digitales Lernspiel, das Sch\u00fclerinnen und Sch\u00fclern der Sekundarstufen I und II die Energiewende spielerisch n\u00e4herbringt. In interaktiven Modulen entscheiden sie zwischen verschiedenen Energiequellen und simulieren deren Auswirkungen auf Umwelt und Wirtschaft. Ziel ist es, die komplexen Zusammenh\u00e4nge der Energiewende verst\u00e4ndlich zu machen und nachhaltige Energiepolitik praxisnah zu vermitteln.<\/p>\n<p data-start=\"1901\" data-end=\"2213\"><strong data-start=\"1901\" data-end=\"1928\">Bonn \u2013 Universit\u00e4t Bonn<\/strong><br data-start=\"1928\" data-end=\"1931\" \/><em data-start=\"1931\" data-end=\"1958\">2051: Energie im Weltraum<\/em> \u2013 Ein mobiler Escape Room, in dem die Teilnehmenden in eine dystopische Welt im Jahr 2051 eintauchen. Auf einer Reise durch den Weltraum erkunden sie mittels Experimenten, wie erneuerbare Energien helfen k\u00f6nnten, die Zukunft vor der Dystopie zu bewahren.<\/p>\n<p data-start=\"2215\" data-end=\"2629\"><strong data-start=\"2215\" data-end=\"2259\">Dresden \u2013 Technische Universit\u00e4t Dresden<\/strong><br data-start=\"2259\" data-end=\"2262\" \/><em data-start=\"2262\" data-end=\"2313\">Zukunftswerkstatt Lausitz 2050 \u2013 Energie im Fokus<\/em> \u2013 In interaktiven Workshops diskutieren Forschende, B\u00fcrgerinnen und B\u00fcrger sowie Unternehmerinnen und Unternehmer \u00fcber Herausforderungen in der Strukturwandelregion Lausitz. Die Teilnehmenden nehmen die Rolle von Entscheidungstragenden ein und entwerfen Visionen f\u00fcr eine nachhaltige Energielandschaft im Jahr 2050.<\/p>\n<p data-start=\"2631\" data-end=\"2932\"><strong data-start=\"2631\" data-end=\"2695\">Erlangen \u2013 Friedrich-Alexander-Universit\u00e4t Erlangen-N\u00fcrnberg<\/strong><br data-start=\"2695\" data-end=\"2698\" \/><em data-start=\"2698\" data-end=\"2717\">The Art of Energy<\/em> \u2013 Ein Projekt, das sich der Zukunft der Energie in Literatur und Film widmet. Bei Filmabenden, Ausstellungen und Lesungen tauschen sich Interessierte \u00fcber Themen wie Gesellschaft, Klima und Ressourcenknappheit aus.<\/p>\n<p data-start=\"2934\" data-end=\"3330\"><strong data-start=\"2934\" data-end=\"2970\">Hagen \u2013 FernUniversit\u00e4t in Hagen<\/strong><br data-start=\"2970\" data-end=\"2973\" \/><em data-start=\"2973\" data-end=\"3055\">Chancengleichheit in der Energiewende: L\u00f6sungen f\u00fcr einkommensschwache Haushalte<\/em> \u2013 Ziel ist die Entwicklung einer interaktiven Online-Plattform, die dar\u00fcber informiert, wie einkommensschwache Haushalte an der Energiewende teilhaben k\u00f6nnen. Partizipativ entwickelt, vermittelt die Plattform Erkenntnisse zu Stromtarifen, Energienutzung und Einsparoptionen.<\/p>\n<p data-start=\"3332\" data-end=\"3607\"><strong data-start=\"3332\" data-end=\"3376\">M\u00fcnchen \u2013 Technische Universit\u00e4t M\u00fcnchen<\/strong><br data-start=\"3376\" data-end=\"3379\" \/><em data-start=\"3379\" data-end=\"3421\">Festival-Roadshow \u201eEscape from Carbonia\u201c<\/em> \u2013 Ein interaktives Escape-Room-Spiel, das Besucherinnen und Besuchern von Stra\u00dfenfestivals die Energieforschung n\u00e4herbringt. Dabei werden R\u00e4tsel zu Energieformen und Klimawandel gel\u00f6st.<\/p>\n<p data-start=\"3609\" data-end=\"3942\"><strong data-start=\"3609\" data-end=\"3642\">M\u00fcnster \u2013 Universit\u00e4t M\u00fcnster<\/strong><br data-start=\"3642\" data-end=\"3645\" \/><em data-start=\"3645\" data-end=\"3656\">Windscope<\/em> \u2013 Ein Exponat, das gemeinsam mit Jugendlichen gebaut wurde und die Planung von Windparks greifbar macht. Mithilfe von K\u00fcnstlicher Intelligenz und Augmented Reality k\u00f6nnen Nutzerinnen und Nutzer verschiedene Szenarien durchspielen, um eine optimale Nutzung von Windr\u00e4dern zu simulieren.<\/p>\n<p data-start=\"3944\" data-end=\"4245\"><strong data-start=\"3944\" data-end=\"3983\">Regensburg \u2013 Universit\u00e4t Regensburg<\/strong><br data-start=\"3983\" data-end=\"3986\" \/><em data-start=\"3986\" data-end=\"4022\">Ausstellungsrave \u2013 Rave for Energy<\/em> \u2013 Eine interaktive Ausstellung, die sich den verschiedenen Formen erneuerbarer Energien widmet und dabei mit Mythen aufr\u00e4umt. Besucherinnen und Besucher k\u00f6nnen dabei zu Techno-Musik tanzen und sich spielerisch informieren.<\/p>\n<p data-start=\"4247\" data-end=\"4566\"><strong data-start=\"4247\" data-end=\"4278\">Siegen \u2013 Universit\u00e4t Siegen<\/strong><br data-start=\"4278\" data-end=\"4281\" \/><em data-start=\"4281\" data-end=\"4341\">Unsere Energie, unsere Zukunft: Ein interaktives Planspiel<\/em> \u2013 Ein Planspiel, bei dem Teilnehmende verschiedene Rollen einnehmen, energiepolitische Entscheidungen treffen und deren Konsequenzen begreifen. Ziel ist es, f\u00fcr die Komplexit\u00e4t nachhaltiger Energiepolitik zu sensibilisieren.<\/p>\n<p data-start=\"4568\" data-end=\"4895\"><strong data-start=\"4568\" data-end=\"4622\">Trier \u2013 Hochschule Trier, Umwelt-Campus Birkenfeld<\/strong><br data-start=\"4622\" data-end=\"4625\" \/><em data-start=\"4625\" data-end=\"4660\">ENERGIALOGUE \u2013 die stille Zukunft<\/em> \u2013 Ein mobiles, inklusives Theaterst\u00fcck, das die Herausforderungen und Chancen der Energiewende kreativ vermittelt. Das St\u00fcck setzt auf Geb\u00e4rdensprache und eine aktive Beteiligung des Publikums, das den Verlauf des St\u00fccks mitgestaltet.<\/p>\n","protected":false},"excerpt":{"rendered":"<p>Wie sieht die Energieversorgung der Zukunft aus? Welche Rolle spielen erneuerbare Energien in unserem Alltag und wie k\u00f6nnen wir m\u00f6glichst viele Menschen f\u00fcr das Thema begeistern? Diese Fragen haben sich<span class=\"ellipsis\">&hellip;<\/span><\/p>\n","protected":false},"author":2,"featured_media":0,"parent":0,"menu_order":0,"comment_status":"closed","ping_status":"closed","template":"","meta":{"_acf_changed":false,"footnotes":""},"class_list":["post-4900","page","type-page","status-publish","hentry"],"acf":[],"aioseo_notices":[],"_links":{"self":[{"href":"https:\/\/www.hochschulwettbewerb.net\/2025\/wp-json\/wp\/v2\/pages\/4900","targetHints":{"allow":["GET"]}}],"collection":[{"href":"https:\/\/www.hochschulwettbewerb.net\/2025\/wp-json\/wp\/v2\/pages"}],"about":[{"href":"https:\/\/www.hochschulwettbewerb.net\/2025\/wp-json\/wp\/v2\/types\/page"}],"author":[{"embeddable":true,"href":"https:\/\/www.hochschulwettbewerb.net\/2025\/wp-json\/wp\/v2\/users\/2"}],"replies":[{"embeddable":true,"href":"https:\/\/www.hochschulwettbewerb.net\/2025\/wp-json\/wp\/v2\/comments?post=4900"}],"version-history":[{"count":2,"href":"https:\/\/www.hochschulwettbewerb.net\/2025\/wp-json\/wp\/v2\/pages\/4900\/revisions"}],"predecessor-version":[{"id":4920,"href":"https:\/\/www.hochschulwettbewerb.net\/2025\/wp-json\/wp\/v2\/pages\/4900\/revisions\/4920"}],"wp:attachment":[{"href":"https:\/\/www.hochschulwettbewerb.net\/2025\/wp-json\/wp\/v2\/media?parent=4900"}],"curies":[{"name":"wp","href":"https:\/\/api.w.org\/{rel}","templated":true}]}}